 6*n + 4. Let r(m) = 2*h(m) - 9*k(m). Calculate r(l).
1
Let n = 8 + -4. Let o(z) = -n*z - 1 + 3*z + 8 + 2. Give o(4).
5
Let m(r) = 4*r + 1. Let t be m(1). Let d(s) be the second derivative of -s**3 + 1/2*s**2 - s + 0 - 1/20*s**5 + 1/2*s**4. What is d(t)?
-4
Suppose 5*m + 15 = -d, d = m + 2 + 1. Let t(i) = -i**2 - 5*i - 1. Let f be t(-4). Let c(u) = -u**2 - 3*u + 1 - u**f + 2*u - 3. Determine c(d).
-2
Let i(u) = -u**2 + 4*u - 3. Let t be (0 + 21)*(-1)/3. Let w = t + 10. Give i(w).
0
Let c be -2 - 0 - -6 - -1. Let p(h) = 16*h**3 - c - 7*h**2 + 3*h**2 - 15*h**3 + 3*h. Determine p(4).
7
Let f(m) = -3*m + 3*m + m**2. Suppose 5*h - 14 = 2*c, 27 - 7 = 5*h. Let w = 3 - c. Give f(w).
0
Suppose -3 = -h, -4*t + 2 = -5*t + h. Let s(b) = -7*b + 1 - 1 - 4 + 3. Give s(t).
-8
Let o(k) be the third derivative of k**5/120 + 5*k**3/6 - 4*k**2. Let n(s) be the first derivative of o(s). Let h be (-6)/(-4)*(-8)/3. Calculate n(h).
-4
Suppose 2*t = 4*i - 20, -2*t - i - 9 = t. Let k be -1 - (3/3 + t). Let b(h) = 0*h**2 + 2*h + h**k + 3*h - 7. Give b(-5).
-7
Let a be 0 + (3 + 0 - 2). Let h(m) = -3*m**3 + 2*m**2 - 2. Let k(v) = v**3 - v**2 + 1. Let n(d) = a*h(d) + 2*k(d). Suppose -2*t = -1 - 1. Calculate n(t).
-1
Let b = 49 + -42. Let j(v) = v**2 - 8*v + 2. Give j(b).
-5
Let k(m) = -3*m. Let z be k(-1). Let h(j) = -3*j + j + 4*j**z + j. Determine h(-1).
-3
Let z(g) = 5*g**2 - 4*g**2 - 1 - 2. Let p(j) = j**2 + 7*j - 3. Let v(d) = -2*d**2 - 14*d + 7. Let m(t) = -7*p(t) - 3*v(t). Let f be m(-7). Give z(f).
-3
Let o(b) be the second derivative of -b**4/12 + b**3/6 - b**2 - b. Suppose -2*f + 23 = 5*y - 0*y, -5*f = 2*y - 26. Give o(y).
-8
Let p(w) = -4*w + w**3 + 4*w**2 + 7 + 4 - 4. Let y(i) = i**3 + 3*i**2 - 4*i - 5. Let k be y(-4). Give p(k).
2
Suppose 0 = -5*s + 3*w + 15, 3*s = 2*s + 3*w + 3. Let q(t) be the second derivative of -t**3/6 + t**2 - t. Give q(s).
-1
Suppose k = -4*w + 101, 5*w + 22 - 146 = -2*k. Suppose -3*v + 3*g + 8 = -1, -3*v - 4*g - w = 0. Let m(f) = 3*f. Calculate m(v).
-6
Let m(a) = 67*a**3 - 69*a**3 + a**2 - a + a. Calculate m(1).
-1
Let c(y) = y**2 + 7*y + 2. Suppose -2*u + v - 2*v = -71, v - 141 = -4*u. Suppose 3*n + 27 = 4*p, 4*n - p = 4*p - u. Give c(n).
-8
Let s(j) be the first derivative of -7 + 0*j - 10/3*j**3 + 0*j**2. What is s(-1)?
-10
Suppose 2*y - 7*y = 0. Let k(x) be the first derivative of -x**3/3 + x**2/2 - 2*x + 6. Calculate k(y).
-2
Suppose i = -3*s + 18, i + 4*s = 4*i + 11. Let a(o) = -2*o**2 - 3*o + 7. Let l(m) = -2*m**2 - 2*m + 6. Let q(y) = 3*a(y) - 4*l(y). What is q(i)?
12
Let w = 5 + -5. Let d(n) = -5*n - 1 + w*n + 3*n. Determine d(-3).
5
Suppose 2*t = -r - 0*t + 9, -2*r = 5*t - 20. Let u be (-1)/r + (-18)/10. Let d(q) = -q**3 + 4*q + 3. Calculate d(u).
3
Let k be 2/7 + (-10)/(-14). Let m(v) = -v**3 - v**2 - 8*v**3 + 5*v**3 + k. Let c(l) = -l**3 + 3*l**2 + 5*l - 5. Let a be c(4). Calculate m(a).
4
Let t(y) = -y. Let a(g) = g**3 + 5*g**2 + 10*g - 4. Let u(p) = a(p) + 6*t(p). What is u(-4)?
-4
Suppose 4*o = -k + 10, 0 = 4*k - 0*k - 4*o + 20. Let s(j) = -j**2 + 2*j. What is s(k)?
-8
Suppose -4*h = -1 - 23. Let v = -4 + h. Let i(a) = 9*a**2 - 4 - a**3 + 2 - 7*a**2 + v*a. Determine i(3).
-5
Let a(u) = -u + 3. Let n(c) = 3 - 4*c**3 + c + c**2 + 3*c**3 + 0*c**3. Let j be n(0). Let f be 1/(-3) - (-1)/j. Calculate a(f).
3
Let l be 3 - (-5 - (-7 + 3)). Let w(a) = 2*a - 5. Give w(l).
3
Let y(h) = -6*h**3 - h - 10 + 4*h**3 + h**2 + 3*h**3. What is y(0)?
-10
Let z(t) = 8*t + 5. Let a(j) = -9*j - 6. Let g(u) = -5*a(u) - 6*z(u). What is g(5)?
-15
Let r = 0 - -1. Let x(a) = -4*a + a - 1 + 2 + r. Give x(3).
-7
Let r(w) = 11 - 1 + w - 4. Let v be (5/(-2))/(1/2). What is r(v)?
1
Let b(m) = -5*m + 46. Let o(p) = -2*p + 16. Let w(d) = -3*b(d) + 8*o(d). Calculate w(-8).
-2
Let u(h) be the third derivative of 0 - 1/8*h**4 + 1/120*h**6 + 0*h**5 + 0*h - 1/6*h**3 - 7*h**2. Calculate u(-2).
-3
Let s(y) = 6*y + 42 - 76 + 36 + 9*y**2 + y**3. Calculate s(-8).
18
Let t be ((-2)/(-6))/(3/99). Let h(r) = -19*r**2 - 15*r + 13. Let c(v) = 10*v**2 + 8*v - 7. Let g(p) = t*c(p) + 6*h(p). Calculate g(1).
-5
Let q(u) be the second derivative of u**6/72 - u**4/12 - 3*u. Let f(g) be the third derivative of q(g). Determine f(1).
10
Let a(z) = 4*z + 2 - 6*z - 18*z. Let x(r) = 7*r - 1. Let k(v) = 6*a(v) + 17*x(v). Determine k(-6).
1
Suppose 0 = -16*z + 18*z - 12. Let r(c) = c**2 + c - 1. Let a(x) = 5*x**2 + 14*x - 15. Let o(d) = -a(d) + 6*r(d). Give o(z).
-3
Suppose n + 0*n + 3*k = -8, -18 = 5*n + 4*k. Let b be (0 + n + 0)*1. Let h(l) = -3*l - 2. What is h(b)?
4
Let j(l) = l + 1. Suppose 6*m - 32 = -32. Give j(m).
1
Let n(z) = -5*z + 2. Let s(k) = -9*k + 4. Let i(l) = 11*n(l) - 6*s(l). Suppose 0 = -f + 3*f - 6. Calculate i(f).
-5
Let c(t) = t**3 - t**2 + t. Let w(s) = -4*s**3 + 4*s**2 - 3*s - 1. Let i(y) = -3*c(y) - w(y). Suppose 2*p + 4 = 3*l + 3, -l - 1 = -2*p. Determine i(l).
1
Suppose -2*u + 7 = 4*s + s, -5*u + 1 = -4*s. Suppose -2*l + u + 1 = 0. Let k(v) = 4 - 4 + 3*v. Calculate k(l).
3
Let l(s) = 9*s**3 - 2*s**2 - 2*s - 1. Let h(r) = -r**2 - 19*r - 19. Let q be (-728)/39 + 2/3. Let x be h(q). What is l(x)?
-10
Let u(f) be the third derivative of -5*f**4/12 - 3*f**2. Let x(d) = -d**3 - d. Let k be x(-1). Let a = 1 - k. Give u(a).
10
Let d(b) = 1 - 5 + 3*b**2 + b**2 - 5*b**2 - 5*b. What is d(-5)?
-4
Let w(s) = s - 9. Let q = -44 + 51. Give w(q).
-2
Let d(v) be the second derivative of 3*v + 1/120*v**6 - 1/3*v**3 - 1/10*v**5 + 1/2*v**2 + 0 + 1/4*v**4. Let t(g) be the first derivative of d(g). Give t(4).
-10
Let c(d) = -d**3 + 5*d**2 + 6. Let w = 1 - -4. Calculate c(w).
6
Suppose 3 = 4*i - 1. Let d(x) = x**2 - 7 + i + 6. Give d(3).
9
Let i be (2 + -3)*(-3 + 8). Let b(q) = q + 6 - 4 + 9. Calculate b(i).
6
Let i be (-6 - -1) + 2 + 1. Let f(h) be the third derivative of -h**5/30 + h**3/3 - h**2. Calculate f(i).
-6
Let i = -3 + 6. Let r(x) = -2*x - 7. Let f(j) = 2*j + 8. Let h(o) = i*f(o) + 4*r(o). Let n(g) = g - 9. Let z be n(6). Give h(z).
2
Let a(i) = -i. Let h(f) = 2*f**2 - 6*f + 5. Let u(c) = 2*a(c) + h(c). What is u(5)?
15
Let s(r) be the first derivative of -r**5/20 - r**4/2 - 4*r**3/3 - 5*r**2/2 - 4*r - 2. Let j(h) be the first derivative of s(h). Give j(-5).
10
Let v(n) = -n**3 - 2*n**2 - n. Let f be v(-1). Suppose f = -0*l - 2*l + 6. Let q(z) be the third derivative of z**4/24 - z**3/2 + z**2. What is q(l)?
0
Let b(l) = l**2 + 7*l + 2. Let m be b(-7). Let d(o) = 2*o - o**3 - m - 8*o**2 + 10*o**2 + 3. Give d(3).
-2
Let f(w) = -w + 8. Let b(j) = j + 26. Let h be b(-16). What is f(h)?
-2
Let o = 5 + -3. Let q(s) = -s**2 - 2*s + 3. Let p be q(-4). Let c(g) = g. Let j(x) = -x - 1. Let z(h) = p*c(h) - j(h). What is z(o)?
-7
Let w(i) = -11*i - 8. Let g(z) = 10*z + 7. Let j(b) = 7*g(b) + 6*w(b). Let t(u) = u + 14. Suppose -59 = 6*m + 19. Let x be t(m). What is j(x)?
5
Let q be (-3 - -9)*4/6. Let r(h) = 0 - h - 3*h**2 - q*h**2 + 4*h**2 + 1. What is r(-2)?
-9
Let q(l) = -l**2 + 8*l - 16. Let g be q(6). Let j(w) be the third derivative of 1/6*w**4 + 0*w + 1/3*w**3 + 0 + 1/60*w**5 + w**2. What is j(g)?
2
Let r(g) be the third derivative of -g**8/6720 + g**7/630 - g**6/240 + g**5/120 + g**4/4 - 2*g**2. Let c(a) be the second derivative of r(a). Give c(2).
3
Let k(n) = 4*n**2 - n. Let v(u) = -10*u**2 + 2*u. Let i(q) = -12*k(q) - 5*v(q). Give i(-2).
4
Suppose -1 = t + 3. Let m(o) = 3*o + 6. What is m(t)?
-6
Let j(c) = -c**3 - c**2 + 2*c + 5. Let r(q) = 3*q**3 + 2*q**2 - 4*q - 11. Let d(w) = 5*j(w) + 2*r(w). What is d(-2)?
-13
Suppose u - 4*a - 18 = 0, 0 = 3*u - 4*u - 2*a - 6. Let h(t) = 3 + 3 + t - 5 - u. Determine h(2).
1
Let t(h) = h**3 + 5*h**2 - h + 4. Suppose -10*l + 9*l = 5. What is t(l)?
9
Let s(i) = -i**2 + i + 1. Let c(d) = 6*d**2 - 6*d - 4. Let z(j) = -c(j) - 5*s(j). What is z(0)?
-1
Let i = 5 + -4. Let g = -6 - -8. Let q(z) = z - 4*z**g - i + 0*z**2 + 3*z**2. Determine q(2).
-3
Let k(n) = 8*n + 1. Let m(z) = 23*z + 2. Let w(c) = -11*k(c) + 4*m(c). What is w(2)?
5
Suppose 3*s - 18 = -5*m, m - 6 = -s - 2*s. Let x(i) = -i**2 + m*i**2 + i - 4 + 2. Let z be (-3 + 0)/((-3)/(-2)). What is x(z)?
4
Let r(s) = 2*s**2 - s + 1. Suppose -6 = -7*z + 1. Calculate r(z).
2
Let a(f) = -f**3 + 2*f**2 + 7*f - 5. Let u(j) = 3*j - 17. Let l be u(7). Calculate a(l).
-9
Let r(p) = 5*p - 3.